- 1/(2/t). Let z = 12 + u. What is the tens digit of z?
3
Suppose 3*u + 0*u = 6. Suppose 0 = -u*s + 5 - 1. What is the units digit of (-3)/(-1) + 90/s?
8
Suppose -2*k - 5*l = -27, 0 = k - 4*l + 6. Let q(j) = -j - 4 + 6 + j**3 + 5*j**2 + k*j**2. What is the units digit of q(-11)?
3
Let g = 160 + -146. Suppose 0 = -g*q + 26*q - 2712. What is the tens digit of q?
2
Let j(q) be the second derivative of -q**5/20 + 5*q**4/12 + 7*q**3/6 + q**2/2 - 10*q. Let y be j(6). Suppose y*l - 106 = 5*l. What is the units digit of l?
3
Let a = -41 - -46. Suppose -226 = -3*z - 5*r, 4*z - 334 = -a*r - 26. What is the units digit of z?
2
Let o(h) be the second derivative of h**6/72 - h**5/20 + 5*h**4/24 + h**3 + 8*h. Let i(g) be the second derivative of o(g). What is the units digit of i(3)?
2
Let t be (-4)/(-24) - 38/12. Let p = 2 - t. What is the units digit of 250/4 - p/10?
2
Let d = -38 - -41. Let r(o) = -14*o**2 - o**d + o + 12 - 3*o - 12*o. What is the tens digit of r(-13)?
2
Suppose 2*t + 5*n + 1 = 40, 9 = 2*t - n. Let w(i) = 3*i**2 - 9*i - 7. What is the units digit of w(t)?
7
Let f = 74 + -59. What is the units digit of (-972)/(-5) - (21/f - 1)?
4
Suppose 5*h = -4*u + 1 + 11, 5*u - 4*h = 15. What is the tens digit of 3/u*(-1*2 - -195)?
9
Suppose 3*r = -17*v + 19*v + 3712, 3715 = 3*r + v. What is the thousands digit of r?
1
Let j be 628/(-16) + 3/(-4). Let b be (j/6)/(5/30). What is the units digit of -1 + (1 - b - 3)?
7
Let i(g) = g**3 + 14*g**2 - 14*g - 4. Let f be i(-13). Suppose -k - f = -2*d, -3*d + 77 = 2*k - 454. What is the units digit of d?
5
Let i be -1 + 6*(-4)/(-8). Let h be (-2)/13 + (-2)/(-13). Suppose -4*x - i*x + 354 = h. What is the units digit of x?
9
Suppose 0 = -8*j - 3*j. Suppose j = -4*a - o + 114, -3*a + 5*o + 39 + 35 = 0. What is the tens digit of a?
2
Suppose -51 = w - 162. What is the units digit of w?
1
Suppose 3*d - 3 = 4*d, 5*b + 156 = 3*d. Let f = 78 + b. What is the units digit of f?
5
Suppose 2*b = 4*r - r + 331, 3*b = r + 514. Suppose -4*f + 87 = -b. What is the tens digit of f?
6
Let m(s) = s**2 + 6*s + 2. Let y be m(-7). Let z be 37/y - (-18)/(-162). Suppose w = z + 1. What is the units digit of w?
5
Let i = -85 - -2106. What is the units digit of i?
1
Let t(i) = 4*i**3 - 6*i**2 + 11*i + 4. What is the hundreds digit of t(4)?
2
Let i(r) = -r**3 - 8*r**2 - 5*r - 5. Let h be i(-7). Let w = 22 + h. Suppose -w*s + s = -88. What is the tens digit of s?
4
Suppose -3*a + 23 = f, 5*f - 4 = 3*f. Let l = 2 + a. Suppose -k = -l - 7. What is the tens digit of k?
1
Let p(w) = 3*w - 12. Let l(t) = t**3 - t**2 - 4*t - 1. Let m be l(3). Suppose -m*g + i + 5 = 6*i, g = 4*i + 26. What is the units digit of p(g)?
6
Let r(b) = 3*b**2 - 12*b - 7. What is the hundreds digit of r(-10)?
4
Suppose 3*z = 3*o - 5*o - 6, -z + 2 = 2*o. Let p(u) = u + o*u + 5*u - u**2 + 0 + 3. What is the tens digit of p(7)?
1
Let i = 55 + -37. Let p = -30 + i. What is the units digit of (-464)/p + 6/(-9)?
8
Let b(y) = -22*y - 2. Let t = 51 + -35. Let j = t + -17. What is the units digit of b(j)?
0
Let q(i) = 6*i**2 + 14*i + 3. Let j(n) = 5*n**2 + 15*n + 3. Let c(s) = -5*j(s) + 4*q(s). What is the tens digit of c(-10)?
8
Let t = -17 + 19. Let u be t/(2 - 2 - 2). What is the tens digit of 3 + -5 - (-23 + u)?
2
Let t be (-142672)/(-56) - (-5)/((-70)/(-4)). Suppose -22*z = -8*z - t. What is the hundreds digit of z?
1
Suppose -g - 108 = -3*g - 2*k, 4*k = -12. Let d = g + -14. What is the tens digit of d?
4
Suppose -820*k - 1680 = -841*k. What is the tens digit of k?
8
What is the tens digit of -1 + 7 + -4 - -115?
1
Let u = 112 + -87. Suppose 3*z - u = -3*v + 350, -4*v = 3*z - 497. What is the tens digit of v?
2
Let k(g) = 8*g - 3. Let o(x) = -7*x + 0*x + 6*x. Let a(y) = k(y) - 2*o(y). What is the tens digit of a(3)?
2
Let r(x) = x + 6. Let c be r(-8). Let k(b) = -5*b - 4. Let t(a) = -a**2 - 4*a - 3. Let p(g) = 3*k(g) - 4*t(g). What is the tens digit of p(c)?
1
What is the hundreds digit of 2 + (-6 - -2 - -380)?
3
Suppose -5*d + 2093 = -2*x, 0 - 12 = 3*x. What is the units digit of d?
7
Let i(n) be the third derivative of 7*n**4/3 + 5*n**3/6 - 33*n**2. What is the units digit of i(3)?
3
Suppose 0*u = p - 2*u - 5, -4*p = -u - 20. Let i = p - 0. What is the units digit of i?
5
Suppose 5*l + 5*y + 15 = -0*y, 4*l = y + 13. Suppose -3*v - 12 = l*h - 35, -h - 20 = -3*v. What is the units digit of v?
7
Suppose -17*u + 12922 = -4095. What is the units digit of u?
1
Suppose -184*d - 8302 = -191*d. What is the units digit of d?
6
Suppose 2*l = -5*y - 36, -1 = 2*l + 5. Let i(w) = 7*w**2 + 12*w - 6. What is the units digit of i(y)?
4
Suppose -5*v - 4631 = -13151. What is the thousands digit of v?
1
Suppose 10*y - 17863 = 26187. What is the units digit of y?
5
Suppose -2*h - 3 - 1 = -4*i, 5*h - 5 = -5*i. Let f be (3/2)/((-12)/(-1808)). Suppose -4*x + j + 188 = -3*j, -5*x - 4*j + f = h. What is the units digit of x?
6
Suppose 63*b + 66*b - 480267 = 0. What is the thousands digit of b?
3
Let i = 830 + -389. What is the hundreds digit of i?
4
Suppose -16 = -7*j + 5*j. Let w(i) = -49*i**3 - i + 0 + 48*i**3 - 15*i**2 + j. What is the tens digit of w(-15)?
2
Suppose -3*i + 7*y + 9077 = 3*y, 3*i - 9075 = 3*y. What is the thousands digit of i?
3
Suppose -2 = 4*c - 18. Suppose y + c*m - 18 = 26, -3*m = 4*y - 228. What is the tens digit of y?
6
Let u = -2 - -8. Suppose 0 = -2*h + 5*p + 2, -3*h + u = -p + 3. What is the units digit of 130/4 - h/(-2)?
3
Let w be 3/7 - 117/(-21). What is the hundreds digit of 680/w - 84/63?
1
Let z be 4/10 + 2331/35. What is the tens digit of (0 - 1 - 2) + z?
6
Suppose 5 = 3*f - 1. Suppose -f*c = c. Suppose c*d + 55 = 5*d. What is the units digit of d?
1
Suppose 29*b - 285 = 24*b. Suppose b = -3*q - 3*z, -5*z = 18 + 2. What is the units digit of 626/30 - 2/q?
1
Let k(m) be the third derivative of 25*m**4/24 - 7*m**2. Let j be k(1). What is the tens digit of j + -2 + 0/5?
2
Let m be (-2)/((24/(-9))/4). Let o be (1 + 2/4)*6. What is the units digit of (1 - m/o)*9?
6
Let z(v) = -v**3 + 6*v**2 - 3*v - 9. Let r be (3/(-9))/(2/(-30)). Suppose 0*j - 20 = -r*j. What is the tens digit of z(j)?
1
Let u = -2 - -5. Suppose -u*a - 4*z = 254, -z = -4*a - 360 + 34. What is the units digit of 2/((-8)/a)*2?
1
Suppose -2*y - 8242 = -5*x, y = 5*x - 7031 - 1210. What is the tens digit of x?
4
What is the units digit of (-16)/(40/5) - 9*-1?
7
What is the units digit of (-2 + 48/9)/(38/6213)?
5
Suppose 38*z - 53*z = -7935. What is the units digit of z?
9
Suppose 2*z = 5*z - 1653. What is the tens digit of z?
5
Let j = 3268 + -2152. What is the tens digit of j?
1
Suppose 14*r + 1905 = 17977. What is the hundreds digit of r?
1
Suppose -4*z + 2*c + 7780 = 0, 12*c + 3896 = 2*z + 8*c. What is the units digit of z?
4
Let y be (-3 + 20/6)*6. Suppose -2*c + 4*c - 65 = -5*f, -2*f + 20 = y*c. What is the tens digit of f?
1
Let u = 1705 + -1210. Suppose o + 5*k - 196 = 0, 5*o - 3*k - u = 429. What is the units digit of o?
6
Suppose -4*b = -2*b - 4*w - 8882, -2*w + 17754 = 4*b. What is the hundreds digit of b?
4
Let i(v) = 39*v + 125. What is the thousands digit of i(23)?
1
Let h = 389 - -744. What is the tens digit of h?
3
Suppose 119*w = 112*w + 2534. What is the units digit of w?
2
Suppose -3*s = s - 512. Suppose -5*o - 3*l + 8 = 0, 8*o - 5*l + 3 = 6*o. What is the units digit of o/(-3) - s/(-6)?
1
Let y = 313 + -173. Let u be 38/209 - (-108)/11. Suppose u*o - y = 3*o. What is the units digit of o?
0
Let j be (1 + -2 - -1)/(-2). Suppose -3*m = -j*m - 102. What is the tens digit of m?
3
Suppose 5*j = -10 - 5. Let w be ((-2)/2)/(1/j). Suppose -w*p + 4 = 1. What is the units digit of p?
1
Let z = 35 + -50. Let q = z + 16. What is the units digit of q?
1
Let f be (16/(-5))/((-2)/40). Let k = 94 - f. What is the tens digit of k?
3
Suppose 28 = 2*s - 0. What is the units digit of ((-10)/(-35))/(2/s)?
2
Let s(n) = 26*n + 164. What is the tens digit of s(23)?
6
Let g(a) = -72*a - 5. Let d(i) = 2*i. Let m(z) = -5*d(z) + g(z). What is the units digit of m(-1)?
7
Let m(y) = -y**3 + 17*y**2 + 2*y + 2. What is the units digit of m(11)?
0
Let v(t) be the first derivative of 8*t**3 - t**2 + 3*t + 8. Let w be v(2). Suppose 0 = -7*z + 2*z + w. What is the units digit of z?
9
Let a(r) = -107*r + 4. Suppose 0 